{"id":6097,"date":"2025-11-17T13:08:33","date_gmt":"2025-11-17T13:08:33","guid":{"rendered":"https:\/\/chezben.bossilo.com\/?post_type=product&#038;p=6097"},"modified":"2025-12-01T10:10:42","modified_gmt":"2025-12-01T10:10:42","slug":"jameson","status":"publish","type":"product","link":"https:\/\/chezben.bossilo.com\/?product=jameson","title":{"rendered":"JAMESON"},"content":{"rendered":"<h3>\ud83e\udd43 Origine et Histoire<\/h3>\n<ul>\n<li><strong>Fondation<\/strong> : Cr\u00e9\u00e9 en 1780 par John Jameson \u00e0 la distillerie Bow Street, Dublin.<\/li>\n<li><strong>Production actuelle<\/strong> : Distill\u00e9 aujourd\u2019hui au <strong>New Midleton Distillery<\/strong> dans le comt\u00e9 de Cork.<\/li>\n<li class=\"ps-2\"><strong>R\u00e9putation<\/strong> : C\u2019est le <strong>whisky irlandais le plus vendu au monde<\/strong>, avec plus de 8 millions de caisses \u00e9coul\u00e9es en 2019.<\/li>\n<li class=\"ps-2\"><strong>Fabricant<\/strong> : Produit par <strong>Irish Distillers<\/strong>, filiale du groupe Pernod Ricard.<\/li>\n<\/ul>\n<div class=\"relative pb-6 w-full after:border-b after:border-stroke-300 after:w-full after:absolute after:mt-3\"><\/div>\n<h3>\ud83c\udf1f Profil de D\u00e9gustation<\/h3>\n<ul>\n<li><strong>Type<\/strong> : Blended Irish Whiskey<\/li>\n<li><strong>Distillation<\/strong> : Triple distillation, deux fois plus douce que la moyenne<\/li>\n<li class=\"ps-2\"><strong>Notes aromatiques<\/strong> :\n<ul>\n<li>Douceur vanill\u00e9e<\/li>\n<li>Fruits m\u00fbrs et l\u00e9gers agrumes<\/li>\n<li>\u00c9pices subtiles et une pointe bois\u00e9e<\/li>\n<\/ul>\n<\/li>\n<li><strong>Teneur en alcool<\/strong> : 40% ABV<\/li>\n<\/ul>\n<div class=\"relative pb-6 w-full after:border-b after:border-stroke-300 after:w-full after:absolute after:mt-3\"><\/div>\n<h3>\ud83c\udf77 Variantes Populaires<\/h3>\n<ul>\n<li><strong>Jameson Original<\/strong> : La r\u00e9f\u00e9rence classique, douce et \u00e9quilibr\u00e9e<\/li>\n<li class=\"ps-2\"><strong>Jameson Black Barrel<\/strong> : Vieilli en f\u00fbts fortement br\u00fbl\u00e9s, plus riche et intense<\/li>\n<li class=\"ps-2\"><strong>Jameson Crested<\/strong> : Plus marqu\u00e9 par le sherry, avec des notes fruit\u00e9es et \u00e9pic\u00e9es<\/li>\n<li class=\"ps-2\"><strong>Jameson Caskmates<\/strong> : Affin\u00e9 en f\u00fbts de bi\u00e8re stout ou IPA, apportant des notes de cacao, caf\u00e9 ou houblon<\/li>\n<li class=\"ps-2\"><strong>Jameson 18 Years<\/strong> : Vieilli 18 ans, complexe et raffin\u00e9<\/li>\n<\/ul>\n<div class=\"relative pb-6 w-full after:border-b after:border-stroke-300 after:w-full after:absolute after:mt-3\"><\/div>\n<h3>\ud83d\udccc Points Forts<\/h3>\n<ul>\n<li><strong>Accessibilit\u00e9<\/strong> : Whisky doux et facile \u00e0 boire, id\u00e9al pour les cocktails comme le <em>Jameson Ginger Ale<\/em> ou le <em>Jamo Limo<\/em>.<\/li>\n<li class=\"ps-2\"><strong>Patrimoine<\/strong> : Plus de 240 ans d\u2019histoire, symbole du savoir-faire irlandais.<\/li>\n<li><strong>Polyvalence<\/strong> : Se d\u00e9guste pur, sur glace ou en cocktail.<\/li>\n<\/ul>\n<div><\/div>\n<h3>\ud83c\udfaf Exemple de Description pour une Carte de Restaurant<\/h3>\n<blockquote><p><em>Jameson \u2013 Whisky irlandais embl\u00e9matique, triple distillation pour une douceur incomparable. Notes fruit\u00e9es et \u00e9pic\u00e9es, parfait en d\u00e9gustation pure ou en cocktail.<\/em><\/p><\/blockquote>\n","protected":false},"excerpt":{"rendered":"<p>\ud83e\udd43 Origine et Histoire Fondation : Cr\u00e9\u00e9 en 1780 par John Jameson \u00e0 la distillerie Bow Street, Dublin. Production actuelle : Distill\u00e9 aujourd\u2019hui au New Midleton Distillery dans le comt\u00e9 de Cork. R\u00e9putation : C\u2019est le whisky irlandais le plus vendu au monde, avec plus de 8 millions de caisses \u00e9coul\u00e9es en 2019. Fabricant : [&hellip;]<\/p>\n","protected":false},"featured_media":6416,"comment_status":"open","ping_status":"closed","template":"","meta":{"_uag_custom_page_level_css":"","site-sidebar-layout":"default","site-content-layout":"","ast-site-content-layout":"default","site-content-style":"default","site-sidebar-style":"default","ast-global-header-display":"","ast-banner-title-visibility":"","ast-main-header-display":"","ast-hfb-above-header-display":"","ast-hfb-below-header-display":"","ast-hfb-mobile-header-display":"","site-post-title":"","ast-breadcrumbs-content":"","ast-featured-img":"","footer-sml-layout":"","theme-transparent-header-meta":"default","adv-header-id-meta":"","stick-header-meta":"","header-above-stick-meta":"","header-main-stick-meta":"","header-below-stick-meta":"","astra-migrate-meta-layouts":"set","ast-page-background-enabled":"default","ast-page-background-meta":{"desktop":{"background-color":"","background-image":"","background-repeat":"repeat","background-position":"center center","background-size":"auto","background-attachment":"scroll","background-type":"","background-media":"","overlay-type":"","overlay-color":"","overlay-opacity":"","overlay-gradient":""},"tablet":{"background-color":"","background-image":"","background-repeat":"repeat","background-position":"center center","background-size":"auto","background-attachment":"scroll","background-type":"","background-media":"","overlay-type":"","overlay-color":"","overlay-opacity":"","overlay-gradient":""},"mobile":{"background-color":"","background-image":"","background-repeat":"repeat","background-position":"center center","background-size":"auto","background-attachment":"scroll","background-type":"","background-media":"","overlay-type":"","overlay-color":"","overlay-opacity":"","overlay-gradient":""}},"ast-content-background-meta":{"desktop":{"background-color":"var(--ast-global-color-5)","background-image":"","background-repeat":"repeat","background-position":"center center","background-size":"auto","background-attachment":"scroll","background-type":"","background-media":"","overlay-type":"","overlay-color":"","overlay-opacity":"","overlay-gradient":""},"tablet":{"background-color":"var(--ast-global-color-5)","background-image":"","background-repeat":"repeat","background-position":"center center","background-size":"auto","background-attachment":"scroll","background-type":"","background-media":"","overlay-type":"","overlay-color":"","overlay-opacity":"","overlay-gradient":""},"mobile":{"background-color":"var(--ast-global-color-5)","background-image":"","background-repeat":"repeat","background-position":"center center","background-size":"auto","background-attachment":"scroll","background-type":"","background-media":"","overlay-type":"","overlay-color":"","overlay-opacity":"","overlay-gradient":""}}},"product_brand":[],"product_cat":[22,35],"product_tag":[],"class_list":{"0":"post-6097","1":"product","2":"type-product","3":"status-publish","4":"has-post-thumbnail","6":"product_cat-boisson","7":"product_cat-vins","8":"desktop-align-left","9":"tablet-align-left","10":"mobile-align-left","12":"first","13":"instock","14":"taxable","15":"shipping-taxable","16":"purchasable","17":"product-type-simple"},"uagb_featured_image_src":{"full":["https:\/\/chezben.bossilo.com\/wp-content\/uploads\/2025\/11\/JAMESON.jpg",500,500,false],"thumbnail":["https:\/\/chezben.bossilo.com\/wp-content\/uploads\/2025\/11\/JAMESON-150x150.jpg",150,150,true],"medium":["https:\/\/chezben.bossilo.com\/wp-content\/uploads\/2025\/11\/JAMESON-300x300.jpg",300,300,true],"medium_large":["https:\/\/chezben.bossilo.com\/wp-content\/uploads\/2025\/11\/JAMESON.jpg",500,500,false],"large":["https:\/\/chezben.bossilo.com\/wp-content\/uploads\/2025\/11\/JAMESON.jpg",500,500,false],"1536x1536":["https:\/\/chezben.bossilo.com\/wp-content\/uploads\/2025\/11\/JAMESON.jpg",500,500,false],"2048x2048":["https:\/\/chezben.bossilo.com\/wp-content\/uploads\/2025\/11\/JAMESON.jpg",500,500,false],"woocommerce_thumbnail":["https:\/\/chezben.bossilo.com\/wp-content\/uploads\/2025\/11\/JAMESON-300x300.jpg",300,300,true],"woocommerce_single":["https:\/\/chezben.bossilo.com\/wp-content\/uploads\/2025\/11\/JAMESON.jpg",500,500,false],"woocommerce_gallery_thumbnail":["https:\/\/chezben.bossilo.com\/wp-content\/uploads\/2025\/11\/JAMESON-100x100.jpg",100,100,true]},"uagb_author_info":{"display_name":"ornellamujinga41","author_link":"https:\/\/chezben.bossilo.com\/?author=0"},"uagb_comment_info":0,"uagb_excerpt":"\ud83e\udd43 Origine et Histoire Fondation : Cr\u00e9\u00e9 en 1780 par John Jameson \u00e0 la distillerie Bow Street, Dublin. Production actuelle : Distill\u00e9 aujourd\u2019hui au New Midleton Distillery dans le comt\u00e9 de Cork. R\u00e9putation : C\u2019est le whisky irlandais le plus vendu au monde, avec plus de 8 millions de caisses \u00e9coul\u00e9es en 2019. Fabricant :\u2026","jetpack_sharing_enabled":true,"_links":{"self":[{"href":"https:\/\/chezben.bossilo.com\/index.php?rest_route=\/wp\/v2\/product\/6097","targetHints":{"allow":["GET"]}}],"collection":[{"href":"https:\/\/chezben.bossilo.com\/index.php?rest_route=\/wp\/v2\/product"}],"about":[{"href":"https:\/\/chezben.bossilo.com\/index.php?rest_route=\/wp\/v2\/types\/product"}],"replies":[{"embeddable":true,"href":"https:\/\/chezben.bossilo.com\/index.php?rest_route=%2Fwp%2Fv2%2Fcomments&post=6097"}],"wp:featuredmedia":[{"embeddable":true,"href":"https:\/\/chezben.bossilo.com\/index.php?rest_route=\/wp\/v2\/media\/6416"}],"wp:attachment":[{"href":"https:\/\/chezben.bossilo.com\/index.php?rest_route=%2Fwp%2Fv2%2Fmedia&parent=6097"}],"wp:term":[{"taxonomy":"product_brand","embeddable":true,"href":"https:\/\/chezben.bossilo.com\/index.php?rest_route=%2Fwp%2Fv2%2Fproduct_brand&post=6097"},{"taxonomy":"product_cat","embeddable":true,"href":"https:\/\/chezben.bossilo.com\/index.php?rest_route=%2Fwp%2Fv2%2Fproduct_cat&post=6097"},{"taxonomy":"product_tag","embeddable":true,"href":"https:\/\/chezben.bossilo.com\/index.php?rest_route=%2Fwp%2Fv2%2Fproduct_tag&post=6097"}],"curies":[{"name":"wp","href":"https:\/\/api.w.org\/{rel}","templated":true}]}}