{"id":6039,"date":"2025-11-17T10:34:54","date_gmt":"2025-11-17T10:34:54","guid":{"rendered":"https:\/\/chezben.bossilo.com\/?post_type=product&#038;p=6039"},"modified":"2025-12-17T11:06:06","modified_gmt":"2025-12-17T11:06:06","slug":"soda-2","status":"publish","type":"product","link":"https:\/\/chezben.bossilo.com\/?product=soda-2","title":{"rendered":"SODA"},"content":{"rendered":"<p>\ud83c\udfaf <strong>Soda en studio \u2013 ambiance professionnelle et r\u00e9aliste<\/strong><\/p>\n<ul>\n<li><strong>Apparence g\u00e9n\u00e9rale<\/strong> : Une canette de soda en aluminium, rouge vif, tr\u00f4ne au centre de l\u2019image. Sa surface est couverte de fines gouttelettes de condensation, qui accentuent son aspect rafra\u00eechissant et glac\u00e9.<\/li>\n<li><strong>\u00c9clairage<\/strong> : Un \u00e9clairage lat\u00e9ral doux mais pr\u00e9cis vient de la gauche, cr\u00e9ant des reflets brillants sur les gouttes et des ombres subtiles qui sculptent la forme cylindrique de la canette.<\/li>\n<li><strong>D\u00e9tails techniques<\/strong> :\n<ul>\n<li>Le dessus argent\u00e9 est net, avec une languette l\u00e9g\u00e8rement relev\u00e9e.<\/li>\n<li>Le fond est sombre, presque noir, avec une texture mate qui contraste avec la brillance de la canette.<\/li>\n<li>Une l\u00e9g\u00e8re r\u00e9flexion de la canette est visible sur la surface, ajoutant de la profondeur \u00e0 la composition.<\/li>\n<\/ul>\n<\/li>\n<li><strong>Ambiance<\/strong> : L\u2019image \u00e9voque la fra\u00eecheur, la tentation et la qualit\u00e9. Elle pourrait parfaitement illustrer une publicit\u00e9 haut de gamme ou une fiche produit.<\/li>\n<\/ul>\n","protected":false},"excerpt":{"rendered":"<p>\ud83c\udfaf Soda en studio \u2013 ambiance professionnelle et r\u00e9aliste Apparence g\u00e9n\u00e9rale : Une canette de soda en aluminium, rouge vif, tr\u00f4ne au centre de l\u2019image. Sa surface est couverte de fines gouttelettes de condensation, qui accentuent son aspect rafra\u00eechissant et glac\u00e9. \u00c9clairage : Un \u00e9clairage lat\u00e9ral doux mais pr\u00e9cis vient de la gauche, cr\u00e9ant des [&hellip;]<\/p>\n","protected":false},"featured_media":6397,"comment_status":"open","ping_status":"closed","template":"","meta":{"_uag_custom_page_level_css":"","site-sidebar-layout":"default","site-content-layout":"","ast-site-content-layout":"default","site-content-style":"default","site-sidebar-style":"default","ast-global-header-display":"","ast-banner-title-visibility":"","ast-main-header-display":"","ast-hfb-above-header-display":"","ast-hfb-below-header-display":"","ast-hfb-mobile-header-display":"","site-post-title":"","ast-breadcrumbs-content":"","ast-featured-img":"","footer-sml-layout":"","theme-transparent-header-meta":"default","adv-header-id-meta":"","stick-header-meta":"","header-above-stick-meta":"","header-main-stick-meta":"","header-below-stick-meta":"","astra-migrate-meta-layouts":"set","ast-page-background-enabled":"default","ast-page-background-meta":{"desktop":{"background-color":"","background-image":"","background-repeat":"repeat","background-position":"center center","background-size":"auto","background-attachment":"scroll","background-type":"","background-media":"","overlay-type":"","overlay-color":"","overlay-opacity":"","overlay-gradient":""},"tablet":{"background-color":"","background-image":"","background-repeat":"repeat","background-position":"center center","background-size":"auto","background-attachment":"scroll","background-type":"","background-media":"","overlay-type":"","overlay-color":"","overlay-opacity":"","overlay-gradient":""},"mobile":{"background-color":"","background-image":"","background-repeat":"repeat","background-position":"center center","background-size":"auto","background-attachment":"scroll","background-type":"","background-media":"","overlay-type":"","overlay-color":"","overlay-opacity":"","overlay-gradient":""}},"ast-content-background-meta":{"desktop":{"background-color":"var(--ast-global-color-5)","background-image":"","background-repeat":"repeat","background-position":"center center","background-size":"auto","background-attachment":"scroll","background-type":"","background-media":"","overlay-type":"","overlay-color":"","overlay-opacity":"","overlay-gradient":""},"tablet":{"background-color":"var(--ast-global-color-5)","background-image":"","background-repeat":"repeat","background-position":"center center","background-size":"auto","background-attachment":"scroll","background-type":"","background-media":"","overlay-type":"","overlay-color":"","overlay-opacity":"","overlay-gradient":""},"mobile":{"background-color":"var(--ast-global-color-5)","background-image":"","background-repeat":"repeat","background-position":"center center","background-size":"auto","background-attachment":"scroll","background-type":"","background-media":"","overlay-type":"","overlay-color":"","overlay-opacity":"","overlay-gradient":""}}},"product_brand":[],"product_cat":[24],"product_tag":[],"class_list":{"0":"post-6039","1":"product","2":"type-product","3":"status-publish","4":"has-post-thumbnail","6":"product_cat-sucree","7":"desktop-align-left","8":"tablet-align-left","9":"mobile-align-left","11":"first","12":"outofstock","13":"taxable","14":"shipping-taxable","15":"purchasable","16":"product-type-simple"},"uagb_featured_image_src":{"full":["https:\/\/chezben.bossilo.com\/wp-content\/uploads\/2025\/11\/Soda-1.jpg",600,600,false],"thumbnail":["https:\/\/chezben.bossilo.com\/wp-content\/uploads\/2025\/11\/Soda-1-150x150.jpg",150,150,true],"medium":["https:\/\/chezben.bossilo.com\/wp-content\/uploads\/2025\/11\/Soda-1-300x300.jpg",300,300,true],"medium_large":["https:\/\/chezben.bossilo.com\/wp-content\/uploads\/2025\/11\/Soda-1.jpg",600,600,false],"large":["https:\/\/chezben.bossilo.com\/wp-content\/uploads\/2025\/11\/Soda-1.jpg",600,600,false],"1536x1536":["https:\/\/chezben.bossilo.com\/wp-content\/uploads\/2025\/11\/Soda-1.jpg",600,600,false],"2048x2048":["https:\/\/chezben.bossilo.com\/wp-content\/uploads\/2025\/11\/Soda-1.jpg",600,600,false],"woocommerce_thumbnail":["https:\/\/chezben.bossilo.com\/wp-content\/uploads\/2025\/11\/Soda-1-300x300.jpg",300,300,true],"woocommerce_single":["https:\/\/chezben.bossilo.com\/wp-content\/uploads\/2025\/11\/Soda-1.jpg",600,600,false],"woocommerce_gallery_thumbnail":["https:\/\/chezben.bossilo.com\/wp-content\/uploads\/2025\/11\/Soda-1-100x100.jpg",100,100,true]},"uagb_author_info":{"display_name":"ornellamujinga41","author_link":"https:\/\/chezben.bossilo.com\/?author=0"},"uagb_comment_info":0,"uagb_excerpt":"\ud83c\udfaf Soda en studio \u2013 ambiance professionnelle et r\u00e9aliste Apparence g\u00e9n\u00e9rale : Une canette de soda en aluminium, rouge vif, tr\u00f4ne au centre de l\u2019image. Sa surface est couverte de fines gouttelettes de condensation, qui accentuent son aspect rafra\u00eechissant et glac\u00e9. \u00c9clairage : Un \u00e9clairage lat\u00e9ral doux mais pr\u00e9cis vient de la gauche, cr\u00e9ant des\u2026","jetpack_sharing_enabled":true,"_links":{"self":[{"href":"https:\/\/chezben.bossilo.com\/index.php?rest_route=\/wp\/v2\/product\/6039","targetHints":{"allow":["GET"]}}],"collection":[{"href":"https:\/\/chezben.bossilo.com\/index.php?rest_route=\/wp\/v2\/product"}],"about":[{"href":"https:\/\/chezben.bossilo.com\/index.php?rest_route=\/wp\/v2\/types\/product"}],"replies":[{"embeddable":true,"href":"https:\/\/chezben.bossilo.com\/index.php?rest_route=%2Fwp%2Fv2%2Fcomments&post=6039"}],"wp:featuredmedia":[{"embeddable":true,"href":"https:\/\/chezben.bossilo.com\/index.php?rest_route=\/wp\/v2\/media\/6397"}],"wp:attachment":[{"href":"https:\/\/chezben.bossilo.com\/index.php?rest_route=%2Fwp%2Fv2%2Fmedia&parent=6039"}],"wp:term":[{"taxonomy":"product_brand","embeddable":true,"href":"https:\/\/chezben.bossilo.com\/index.php?rest_route=%2Fwp%2Fv2%2Fproduct_brand&post=6039"},{"taxonomy":"product_cat","embeddable":true,"href":"https:\/\/chezben.bossilo.com\/index.php?rest_route=%2Fwp%2Fv2%2Fproduct_cat&post=6039"},{"taxonomy":"product_tag","embeddable":true,"href":"https:\/\/chezben.bossilo.com\/index.php?rest_route=%2Fwp%2Fv2%2Fproduct_tag&post=6039"}],"curies":[{"name":"wp","href":"https:\/\/api.w.org\/{rel}","templated":true}]}}