{"id":5900,"date":"2025-11-14T12:28:01","date_gmt":"2025-11-14T12:28:01","guid":{"rendered":"https:\/\/chezben.bossilo.com\/?post_type=product&#038;p=5900"},"modified":"2025-11-18T09:53:22","modified_gmt":"2025-11-18T09:53:22","slug":"just-tangawis","status":"publish","type":"product","link":"https:\/\/chezben.bossilo.com\/?product=just-tangawis","title":{"rendered":"JUST TANGAWIS"},"content":{"rendered":"<h3>\ud83c\udf3f Le concept<\/h3>\n<p>Le <em>Jus Tangawis<\/em> est une boisson traditionnelle \u00e0 base de gingembre (<em>tangawisi<\/em> en swahili), tr\u00e8s appr\u00e9ci\u00e9e en Afrique centrale et de l\u2019Est. Naturellement \u00e9pic\u00e9e et rafra\u00eechissante, elle est r\u00e9put\u00e9e pour ses vertus digestives et tonifiantes.<\/p>\n<div><\/div>\n<h3>\ud83e\udd64 Les caract\u00e9ristiques<\/h3>\n<ul>\n<li><strong>Type<\/strong> : boisson naturelle, parfois l\u00e9g\u00e8rement gazeuse.<\/li>\n<li><strong>Ingr\u00e9dients principaux<\/strong> : gingembre frais, eau, sucre (ou miel), parfois citron pour adoucir et \u00e9quilibrer le go\u00fbt.<\/li>\n<li><strong>Saveur<\/strong> : piquante, vive et parfum\u00e9e, avec une touche sucr\u00e9e et acidul\u00e9e.<\/li>\n<li><strong>Formats<\/strong> : servi en verre, en carafe ou en bouteille artisanale.<\/li>\n<li><strong>Usage<\/strong> : consomm\u00e9 seul comme boisson rafra\u00eechissante, ou en accompagnement des repas.<\/li>\n<\/ul>\n<div><\/div>\n<h3>\u2728 L\u2019exp\u00e9rience<\/h3>\n<p>Le <em>Jus Tangawis<\/em> \u00e9voque la <strong>fra\u00eecheur et l\u2019\u00e9nergie<\/strong> : son go\u00fbt \u00e9pic\u00e9 r\u00e9veille les papilles et procure une sensation vivifiante. C\u2019est une boisson conviviale et authentique, symbole de tradition et de bien-\u00eatre.<\/p>\n","protected":false},"excerpt":{"rendered":"<p>\ud83c\udf3f Le concept Le Jus Tangawis est une boisson traditionnelle \u00e0 base de gingembre (tangawisi en swahili), tr\u00e8s appr\u00e9ci\u00e9e en Afrique centrale et de l\u2019Est. Naturellement \u00e9pic\u00e9e et rafra\u00eechissante, elle est r\u00e9put\u00e9e pour ses vertus digestives et tonifiantes. \ud83e\udd64 Les caract\u00e9ristiques Type : boisson naturelle, parfois l\u00e9g\u00e8rement gazeuse. Ingr\u00e9dients principaux : gingembre frais, eau, sucre [&hellip;]<\/p>\n","protected":false},"featured_media":5899,"comment_status":"open","ping_status":"closed","template":"","meta":{"_uag_custom_page_level_css":"","site-sidebar-layout":"default","site-content-layout":"","ast-site-content-layout":"default","site-content-style":"default","site-sidebar-style":"default","ast-global-header-display":"","ast-banner-title-visibility":"","ast-main-header-display":"","ast-hfb-above-header-display":"","ast-hfb-below-header-display":"","ast-hfb-mobile-header-display":"","site-post-title":"","ast-breadcrumbs-content":"","ast-featured-img":"","footer-sml-layout":"","theme-transparent-header-meta":"default","adv-header-id-meta":"","stick-header-meta":"","header-above-stick-meta":"","header-main-stick-meta":"","header-below-stick-meta":"","astra-migrate-meta-layouts":"set","ast-page-background-enabled":"default","ast-page-background-meta":{"desktop":{"background-color":"","background-image":"","background-repeat":"repeat","background-position":"center center","background-size":"auto","background-attachment":"scroll","background-type":"","background-media":"","overlay-type":"","overlay-color":"","overlay-opacity":"","overlay-gradient":""},"tablet":{"background-color":"","background-image":"","background-repeat":"repeat","background-position":"center center","background-size":"auto","background-attachment":"scroll","background-type":"","background-media":"","overlay-type":"","overlay-color":"","overlay-opacity":"","overlay-gradient":""},"mobile":{"background-color":"","background-image":"","background-repeat":"repeat","background-position":"center center","background-size":"auto","background-attachment":"scroll","background-type":"","background-media":"","overlay-type":"","overlay-color":"","overlay-opacity":"","overlay-gradient":""}},"ast-content-background-meta":{"desktop":{"background-color":"var(--ast-global-color-5)","background-image":"","background-repeat":"repeat","background-position":"center center","background-size":"auto","background-attachment":"scroll","background-type":"","background-media":"","overlay-type":"","overlay-color":"","overlay-opacity":"","overlay-gradient":""},"tablet":{"background-color":"var(--ast-global-color-5)","background-image":"","background-repeat":"repeat","background-position":"center center","background-size":"auto","background-attachment":"scroll","background-type":"","background-media":"","overlay-type":"","overlay-color":"","overlay-opacity":"","overlay-gradient":""},"mobile":{"background-color":"var(--ast-global-color-5)","background-image":"","background-repeat":"repeat","background-position":"center center","background-size":"auto","background-attachment":"scroll","background-type":"","background-media":"","overlay-type":"","overlay-color":"","overlay-opacity":"","overlay-gradient":""}}},"product_brand":[],"product_cat":[24],"product_tag":[],"class_list":{"0":"post-5900","1":"product","2":"type-product","3":"status-publish","4":"has-post-thumbnail","6":"product_cat-sucree","7":"desktop-align-left","8":"tablet-align-left","9":"mobile-align-left","11":"first","12":"instock","13":"taxable","14":"shipping-taxable","15":"purchasable","16":"product-type-simple"},"uagb_featured_image_src":{"full":["https:\/\/chezben.bossilo.com\/wp-content\/uploads\/2025\/11\/Jus-tangawis.jpg",600,600,false],"thumbnail":["https:\/\/chezben.bossilo.com\/wp-content\/uploads\/2025\/11\/Jus-tangawis-150x150.jpg",150,150,true],"medium":["https:\/\/chezben.bossilo.com\/wp-content\/uploads\/2025\/11\/Jus-tangawis-300x300.jpg",300,300,true],"medium_large":["https:\/\/chezben.bossilo.com\/wp-content\/uploads\/2025\/11\/Jus-tangawis.jpg",600,600,false],"large":["https:\/\/chezben.bossilo.com\/wp-content\/uploads\/2025\/11\/Jus-tangawis.jpg",600,600,false],"1536x1536":["https:\/\/chezben.bossilo.com\/wp-content\/uploads\/2025\/11\/Jus-tangawis.jpg",600,600,false],"2048x2048":["https:\/\/chezben.bossilo.com\/wp-content\/uploads\/2025\/11\/Jus-tangawis.jpg",600,600,false],"woocommerce_thumbnail":["https:\/\/chezben.bossilo.com\/wp-content\/uploads\/2025\/11\/Jus-tangawis-300x300.jpg",300,300,true],"woocommerce_single":["https:\/\/chezben.bossilo.com\/wp-content\/uploads\/2025\/11\/Jus-tangawis.jpg",600,600,false],"woocommerce_gallery_thumbnail":["https:\/\/chezben.bossilo.com\/wp-content\/uploads\/2025\/11\/Jus-tangawis-100x100.jpg",100,100,true]},"uagb_author_info":{"display_name":"BOSSILO Billy","author_link":"https:\/\/chezben.bossilo.com\/?author=0"},"uagb_comment_info":0,"uagb_excerpt":"\ud83c\udf3f Le concept Le Jus Tangawis est une boisson traditionnelle \u00e0 base de gingembre (tangawisi en swahili), tr\u00e8s appr\u00e9ci\u00e9e en Afrique centrale et de l\u2019Est. Naturellement \u00e9pic\u00e9e et rafra\u00eechissante, elle est r\u00e9put\u00e9e pour ses vertus digestives et tonifiantes. \ud83e\udd64 Les caract\u00e9ristiques Type : boisson naturelle, parfois l\u00e9g\u00e8rement gazeuse. Ingr\u00e9dients principaux : gingembre frais, eau, sucre\u2026","jetpack_sharing_enabled":true,"_links":{"self":[{"href":"https:\/\/chezben.bossilo.com\/index.php?rest_route=\/wp\/v2\/product\/5900","targetHints":{"allow":["GET"]}}],"collection":[{"href":"https:\/\/chezben.bossilo.com\/index.php?rest_route=\/wp\/v2\/product"}],"about":[{"href":"https:\/\/chezben.bossilo.com\/index.php?rest_route=\/wp\/v2\/types\/product"}],"replies":[{"embeddable":true,"href":"https:\/\/chezben.bossilo.com\/index.php?rest_route=%2Fwp%2Fv2%2Fcomments&post=5900"}],"wp:featuredmedia":[{"embeddable":true,"href":"https:\/\/chezben.bossilo.com\/index.php?rest_route=\/wp\/v2\/media\/5899"}],"wp:attachment":[{"href":"https:\/\/chezben.bossilo.com\/index.php?rest_route=%2Fwp%2Fv2%2Fmedia&parent=5900"}],"wp:term":[{"taxonomy":"product_brand","embeddable":true,"href":"https:\/\/chezben.bossilo.com\/index.php?rest_route=%2Fwp%2Fv2%2Fproduct_brand&post=5900"},{"taxonomy":"product_cat","embeddable":true,"href":"https:\/\/chezben.bossilo.com\/index.php?rest_route=%2Fwp%2Fv2%2Fproduct_cat&post=5900"},{"taxonomy":"product_tag","embeddable":true,"href":"https:\/\/chezben.bossilo.com\/index.php?rest_route=%2Fwp%2Fv2%2Fproduct_tag&post=5900"}],"curies":[{"name":"wp","href":"https:\/\/api.w.org\/{rel}","templated":true}]}}