{"id":5884,"date":"2025-11-14T11:36:29","date_gmt":"2025-11-14T11:36:29","guid":{"rendered":"https:\/\/chezben.bossilo.com\/?post_type=product&#038;p=5884"},"modified":"2025-11-17T14:04:20","modified_gmt":"2025-11-17T14:04:20","slug":"sprite-3","status":"publish","type":"product","link":"https:\/\/chezben.bossilo.com\/?product=sprite-3","title":{"rendered":"SPRITE EN PLASTIQUE"},"content":{"rendered":"<div>\n<h3>\ud83c\udf3f Le concept<\/h3>\n<p>Sprite est une boisson gazeuse mondialement connue, au go\u00fbt citron-lime, rafra\u00eechissante et p\u00e9tillante. Elle est con\u00e7ue pour offrir une sensation de fra\u00eecheur imm\u00e9diate et d\u00e9salt\u00e9rante.<\/p>\n<div><\/div>\n<h3>\ud83c\udf4b Les caract\u00e9ristiques<\/h3>\n<ul>\n<li><strong>Type<\/strong> : soda gazeux clair, sans caf\u00e9ine.<\/li>\n<li><strong>Saveur<\/strong> : citron et lime, avec une touche acidul\u00e9e et sucr\u00e9e.<\/li>\n<li><strong>Fabricant<\/strong> : The Coca-Cola Company.<\/li>\n<li><strong>Formats<\/strong> : disponible en petites canettes, bouteilles individuelles ou grands formats pour partager.<\/li>\n<\/ul>\n<div><\/div>\n<h3>\u2728 L\u2019exp\u00e9rience<\/h3>\n<p>Sprite \u00e9voque la <strong>vivacit\u00e9 et la l\u00e9g\u00e8ret\u00e9<\/strong> : ses bulles fines et son go\u00fbt citronn\u00e9 apportent une explosion de fra\u00eecheur. C\u2019est une boisson id\u00e9ale pour accompagner un repas, se d\u00e9salt\u00e9rer en \u00e9t\u00e9 ou simplement savourer un moment p\u00e9tillant.<\/p>\n<\/div>\n","protected":false},"excerpt":{"rendered":"<p>\ud83c\udf3f Le concept Sprite est une boisson gazeuse mondialement connue, au go\u00fbt citron-lime, rafra\u00eechissante et p\u00e9tillante. Elle est con\u00e7ue pour offrir une sensation de fra\u00eecheur imm\u00e9diate et d\u00e9salt\u00e9rante. \ud83c\udf4b Les caract\u00e9ristiques Type : soda gazeux clair, sans caf\u00e9ine. Saveur : citron et lime, avec une touche acidul\u00e9e et sucr\u00e9e. Fabricant : The Coca-Cola Company. Formats [&hellip;]<\/p>\n","protected":false},"featured_media":5885,"comment_status":"open","ping_status":"closed","template":"","meta":{"_uag_custom_page_level_css":"","site-sidebar-layout":"default","site-content-layout":"","ast-site-content-layout":"default","site-content-style":"default","site-sidebar-style":"default","ast-global-header-display":"","ast-banner-title-visibility":"","ast-main-header-display":"","ast-hfb-above-header-display":"","ast-hfb-below-header-display":"","ast-hfb-mobile-header-display":"","site-post-title":"","ast-breadcrumbs-content":"","ast-featured-img":"","footer-sml-layout":"","theme-transparent-header-meta":"default","adv-header-id-meta":"","stick-header-meta":"","header-above-stick-meta":"","header-main-stick-meta":"","header-below-stick-meta":"","astra-migrate-meta-layouts":"set","ast-page-background-enabled":"default","ast-page-background-meta":{"desktop":{"background-color":"","background-image":"","background-repeat":"repeat","background-position":"center center","background-size":"auto","background-attachment":"scroll","background-type":"","background-media":"","overlay-type":"","overlay-color":"","overlay-opacity":"","overlay-gradient":""},"tablet":{"background-color":"","background-image":"","background-repeat":"repeat","background-position":"center center","background-size":"auto","background-attachment":"scroll","background-type":"","background-media":"","overlay-type":"","overlay-color":"","overlay-opacity":"","overlay-gradient":""},"mobile":{"background-color":"","background-image":"","background-repeat":"repeat","background-position":"center center","background-size":"auto","background-attachment":"scroll","background-type":"","background-media":"","overlay-type":"","overlay-color":"","overlay-opacity":"","overlay-gradient":""}},"ast-content-background-meta":{"desktop":{"background-color":"var(--ast-global-color-5)","background-image":"","background-repeat":"repeat","background-position":"center center","background-size":"auto","background-attachment":"scroll","background-type":"","background-media":"","overlay-type":"","overlay-color":"","overlay-opacity":"","overlay-gradient":""},"tablet":{"background-color":"var(--ast-global-color-5)","background-image":"","background-repeat":"repeat","background-position":"center center","background-size":"auto","background-attachment":"scroll","background-type":"","background-media":"","overlay-type":"","overlay-color":"","overlay-opacity":"","overlay-gradient":""},"mobile":{"background-color":"var(--ast-global-color-5)","background-image":"","background-repeat":"repeat","background-position":"center center","background-size":"auto","background-attachment":"scroll","background-type":"","background-media":"","overlay-type":"","overlay-color":"","overlay-opacity":"","overlay-gradient":""}}},"product_brand":[],"product_cat":[24],"product_tag":[],"class_list":{"0":"post-5884","1":"product","2":"type-product","3":"status-publish","4":"has-post-thumbnail","6":"product_cat-sucree","7":"desktop-align-left","8":"tablet-align-left","9":"mobile-align-left","11":"first","12":"instock","13":"taxable","14":"shipping-taxable","15":"purchasable","16":"product-type-simple"},"uagb_featured_image_src":{"full":["https:\/\/chezben.bossilo.com\/wp-content\/uploads\/2025\/11\/Sprite-2.jpg",600,600,false],"thumbnail":["https:\/\/chezben.bossilo.com\/wp-content\/uploads\/2025\/11\/Sprite-2-150x150.jpg",150,150,true],"medium":["https:\/\/chezben.bossilo.com\/wp-content\/uploads\/2025\/11\/Sprite-2-300x300.jpg",300,300,true],"medium_large":["https:\/\/chezben.bossilo.com\/wp-content\/uploads\/2025\/11\/Sprite-2.jpg",600,600,false],"large":["https:\/\/chezben.bossilo.com\/wp-content\/uploads\/2025\/11\/Sprite-2.jpg",600,600,false],"1536x1536":["https:\/\/chezben.bossilo.com\/wp-content\/uploads\/2025\/11\/Sprite-2.jpg",600,600,false],"2048x2048":["https:\/\/chezben.bossilo.com\/wp-content\/uploads\/2025\/11\/Sprite-2.jpg",600,600,false],"woocommerce_thumbnail":["https:\/\/chezben.bossilo.com\/wp-content\/uploads\/2025\/11\/Sprite-2-300x300.jpg",300,300,true],"woocommerce_single":["https:\/\/chezben.bossilo.com\/wp-content\/uploads\/2025\/11\/Sprite-2.jpg",600,600,false],"woocommerce_gallery_thumbnail":["https:\/\/chezben.bossilo.com\/wp-content\/uploads\/2025\/11\/Sprite-2-100x100.jpg",100,100,true]},"uagb_author_info":{"display_name":"BOSSILO Billy","author_link":"https:\/\/chezben.bossilo.com\/?author=0"},"uagb_comment_info":0,"uagb_excerpt":"\ud83c\udf3f Le concept Sprite est une boisson gazeuse mondialement connue, au go\u00fbt citron-lime, rafra\u00eechissante et p\u00e9tillante. Elle est con\u00e7ue pour offrir une sensation de fra\u00eecheur imm\u00e9diate et d\u00e9salt\u00e9rante. \ud83c\udf4b Les caract\u00e9ristiques Type : soda gazeux clair, sans caf\u00e9ine. Saveur : citron et lime, avec une touche acidul\u00e9e et sucr\u00e9e. Fabricant : The Coca-Cola Company. Formats\u2026","jetpack_sharing_enabled":true,"_links":{"self":[{"href":"https:\/\/chezben.bossilo.com\/index.php?rest_route=\/wp\/v2\/product\/5884","targetHints":{"allow":["GET"]}}],"collection":[{"href":"https:\/\/chezben.bossilo.com\/index.php?rest_route=\/wp\/v2\/product"}],"about":[{"href":"https:\/\/chezben.bossilo.com\/index.php?rest_route=\/wp\/v2\/types\/product"}],"replies":[{"embeddable":true,"href":"https:\/\/chezben.bossilo.com\/index.php?rest_route=%2Fwp%2Fv2%2Fcomments&post=5884"}],"wp:featuredmedia":[{"embeddable":true,"href":"https:\/\/chezben.bossilo.com\/index.php?rest_route=\/wp\/v2\/media\/5885"}],"wp:attachment":[{"href":"https:\/\/chezben.bossilo.com\/index.php?rest_route=%2Fwp%2Fv2%2Fmedia&parent=5884"}],"wp:term":[{"taxonomy":"product_brand","embeddable":true,"href":"https:\/\/chezben.bossilo.com\/index.php?rest_route=%2Fwp%2Fv2%2Fproduct_brand&post=5884"},{"taxonomy":"product_cat","embeddable":true,"href":"https:\/\/chezben.bossilo.com\/index.php?rest_route=%2Fwp%2Fv2%2Fproduct_cat&post=5884"},{"taxonomy":"product_tag","embeddable":true,"href":"https:\/\/chezben.bossilo.com\/index.php?rest_route=%2Fwp%2Fv2%2Fproduct_tag&post=5884"}],"curies":[{"name":"wp","href":"https:\/\/api.w.org\/{rel}","templated":true}]}}