{"id":5865,"date":"2025-11-14T10:34:13","date_gmt":"2025-11-14T10:34:13","guid":{"rendered":"https:\/\/chezben.bossilo.com\/?post_type=product&#038;p=5865"},"modified":"2025-11-15T12:03:46","modified_gmt":"2025-11-15T12:03:46","slug":"assiette-frite-salade-2","status":"publish","type":"product","link":"https:\/\/chezben.bossilo.com\/?product=assiette-frite-salade-2","title":{"rendered":"ASSIETTE FRITE SALADE"},"content":{"rendered":"<div>\n<h3>\ud83c\udf3f Le plat<\/h3>\n<p>Une assiette \u00e9quilibr\u00e9e qui associe la fra\u00eecheur d\u2019une salade l\u00e9g\u00e8re et le croustillant de frites dor\u00e9es.<\/p>\n<div><\/div>\n<h3>\ud83e\udd6c + \ud83c\udf5f La pr\u00e9paration<\/h3>\n<ul>\n<li><strong>Salade<\/strong> : compos\u00e9e de laitue croquante, tomates juteuses, concombres ou carottes r\u00e2p\u00e9es, assaisonn\u00e9e d\u2019un filet d\u2019huile d\u2019olive et de vinaigre.<\/li>\n<li><strong>Frites<\/strong> : pommes de terre fra\u00eeches, coup\u00e9es en b\u00e2tonnets, frites jusqu\u2019\u00e0 obtenir une texture croustillante \u00e0 l\u2019ext\u00e9rieur et fondante \u00e0 l\u2019int\u00e9rieur, l\u00e9g\u00e8rement sal\u00e9es.<\/li>\n<\/ul>\n<div><\/div>\n<h3>\u2728 L\u2019exp\u00e9rience<\/h3>\n<p>Cette assiette \u00e9voque la <strong>fra\u00eecheur et la gourmandise<\/strong> : un contraste agr\u00e9able entre la l\u00e9g\u00e8ret\u00e9 des l\u00e9gumes et le plaisir croustillant des frites. Parfaite comme accompagnement ou comme repas simple et convivial.<\/p>\n<\/div>\n<div>\n<div>\n<table>\n<thead>\n<tr>\n<th><\/th>\n<th><\/th>\n<\/tr>\n<\/thead>\n<tbody>\n<tr>\n<td><\/td>\n<td><\/td>\n<\/tr>\n<tr>\n<td><\/td>\n<td><\/td>\n<\/tr>\n<tr>\n<td><\/td>\n<td><\/td>\n<\/tr>\n<\/tbody>\n<\/table>\n<\/div>\n<div><\/div>\n<\/div>\n<div><\/div>\n","protected":false},"excerpt":{"rendered":"<p>\ud83c\udf3f Le plat Une assiette \u00e9quilibr\u00e9e qui associe la fra\u00eecheur d\u2019une salade l\u00e9g\u00e8re et le croustillant de frites dor\u00e9es. \ud83e\udd6c + \ud83c\udf5f La pr\u00e9paration Salade : compos\u00e9e de laitue croquante, tomates juteuses, concombres ou carottes r\u00e2p\u00e9es, assaisonn\u00e9e d\u2019un filet d\u2019huile d\u2019olive et de vinaigre. Frites : pommes de terre fra\u00eeches, coup\u00e9es en b\u00e2tonnets, frites jusqu\u2019\u00e0 [&hellip;]<\/p>\n","protected":false},"featured_media":5866,"comment_status":"open","ping_status":"closed","template":"","meta":{"_uag_custom_page_level_css":"","site-sidebar-layout":"default","site-content-layout":"","ast-site-content-layout":"default","site-content-style":"default","site-sidebar-style":"default","ast-global-header-display":"","ast-banner-title-visibility":"","ast-main-header-display":"","ast-hfb-above-header-display":"","ast-hfb-below-header-display":"","ast-hfb-mobile-header-display":"","site-post-title":"","ast-breadcrumbs-content":"","ast-featured-img":"","footer-sml-layout":"","theme-transparent-header-meta":"default","adv-header-id-meta":"","stick-header-meta":"","header-above-stick-meta":"","header-main-stick-meta":"","header-below-stick-meta":"","astra-migrate-meta-layouts":"set","ast-page-background-enabled":"default","ast-page-background-meta":{"desktop":{"background-color":"","background-image":"","background-repeat":"repeat","background-position":"center center","background-size":"auto","background-attachment":"scroll","background-type":"","background-media":"","overlay-type":"","overlay-color":"","overlay-opacity":"","overlay-gradient":""},"tablet":{"background-color":"","background-image":"","background-repeat":"repeat","background-position":"center center","background-size":"auto","background-attachment":"scroll","background-type":"","background-media":"","overlay-type":"","overlay-color":"","overlay-opacity":"","overlay-gradient":""},"mobile":{"background-color":"","background-image":"","background-repeat":"repeat","background-position":"center center","background-size":"auto","background-attachment":"scroll","background-type":"","background-media":"","overlay-type":"","overlay-color":"","overlay-opacity":"","overlay-gradient":""}},"ast-content-background-meta":{"desktop":{"background-color":"var(--ast-global-color-5)","background-image":"","background-repeat":"repeat","background-position":"center center","background-size":"auto","background-attachment":"scroll","background-type":"","background-media":"","overlay-type":"","overlay-color":"","overlay-opacity":"","overlay-gradient":""},"tablet":{"background-color":"var(--ast-global-color-5)","background-image":"","background-repeat":"repeat","background-position":"center center","background-size":"auto","background-attachment":"scroll","background-type":"","background-media":"","overlay-type":"","overlay-color":"","overlay-opacity":"","overlay-gradient":""},"mobile":{"background-color":"var(--ast-global-color-5)","background-image":"","background-repeat":"repeat","background-position":"center center","background-size":"auto","background-attachment":"scroll","background-type":"","background-media":"","overlay-type":"","overlay-color":"","overlay-opacity":"","overlay-gradient":""}}},"product_brand":[],"product_cat":[84],"product_tag":[],"class_list":{"0":"post-5865","1":"product","2":"type-product","3":"status-publish","4":"has-post-thumbnail","6":"product_cat-dejeuner","7":"desktop-align-left","8":"tablet-align-left","9":"mobile-align-left","11":"first","12":"instock","13":"taxable","14":"shipping-taxable","15":"purchasable","16":"product-type-simple"},"uagb_featured_image_src":{"full":["https:\/\/chezben.bossilo.com\/wp-content\/uploads\/2025\/11\/ASSIETTE-FRITE-SALADE.png",1024,1024,false],"thumbnail":["https:\/\/chezben.bossilo.com\/wp-content\/uploads\/2025\/11\/ASSIETTE-FRITE-SALADE-150x150.png",150,150,true],"medium":["https:\/\/chezben.bossilo.com\/wp-content\/uploads\/2025\/11\/ASSIETTE-FRITE-SALADE-300x300.png",300,300,true],"medium_large":["https:\/\/chezben.bossilo.com\/wp-content\/uploads\/2025\/11\/ASSIETTE-FRITE-SALADE-768x768.png",768,768,true],"large":["https:\/\/chezben.bossilo.com\/wp-content\/uploads\/2025\/11\/ASSIETTE-FRITE-SALADE.png",1024,1024,false],"1536x1536":["https:\/\/chezben.bossilo.com\/wp-content\/uploads\/2025\/11\/ASSIETTE-FRITE-SALADE.png",1024,1024,false],"2048x2048":["https:\/\/chezben.bossilo.com\/wp-content\/uploads\/2025\/11\/ASSIETTE-FRITE-SALADE.png",1024,1024,false],"woocommerce_thumbnail":["https:\/\/chezben.bossilo.com\/wp-content\/uploads\/2025\/11\/ASSIETTE-FRITE-SALADE-300x300.png",300,300,true],"woocommerce_single":["https:\/\/chezben.bossilo.com\/wp-content\/uploads\/2025\/11\/ASSIETTE-FRITE-SALADE-600x600.png",600,600,true],"woocommerce_gallery_thumbnail":["https:\/\/chezben.bossilo.com\/wp-content\/uploads\/2025\/11\/ASSIETTE-FRITE-SALADE-100x100.png",100,100,true]},"uagb_author_info":{"display_name":"BOSSILO Billy","author_link":"https:\/\/chezben.bossilo.com\/?author=0"},"uagb_comment_info":0,"uagb_excerpt":"\ud83c\udf3f Le plat Une assiette \u00e9quilibr\u00e9e qui associe la fra\u00eecheur d\u2019une salade l\u00e9g\u00e8re et le croustillant de frites dor\u00e9es. \ud83e\udd6c + \ud83c\udf5f La pr\u00e9paration Salade : compos\u00e9e de laitue croquante, tomates juteuses, concombres ou carottes r\u00e2p\u00e9es, assaisonn\u00e9e d\u2019un filet d\u2019huile d\u2019olive et de vinaigre. Frites : pommes de terre fra\u00eeches, coup\u00e9es en b\u00e2tonnets, frites jusqu\u2019\u00e0\u2026","jetpack_sharing_enabled":true,"_links":{"self":[{"href":"https:\/\/chezben.bossilo.com\/index.php?rest_route=\/wp\/v2\/product\/5865","targetHints":{"allow":["GET"]}}],"collection":[{"href":"https:\/\/chezben.bossilo.com\/index.php?rest_route=\/wp\/v2\/product"}],"about":[{"href":"https:\/\/chezben.bossilo.com\/index.php?rest_route=\/wp\/v2\/types\/product"}],"replies":[{"embeddable":true,"href":"https:\/\/chezben.bossilo.com\/index.php?rest_route=%2Fwp%2Fv2%2Fcomments&post=5865"}],"wp:featuredmedia":[{"embeddable":true,"href":"https:\/\/chezben.bossilo.com\/index.php?rest_route=\/wp\/v2\/media\/5866"}],"wp:attachment":[{"href":"https:\/\/chezben.bossilo.com\/index.php?rest_route=%2Fwp%2Fv2%2Fmedia&parent=5865"}],"wp:term":[{"taxonomy":"product_brand","embeddable":true,"href":"https:\/\/chezben.bossilo.com\/index.php?rest_route=%2Fwp%2Fv2%2Fproduct_brand&post=5865"},{"taxonomy":"product_cat","embeddable":true,"href":"https:\/\/chezben.bossilo.com\/index.php?rest_route=%2Fwp%2Fv2%2Fproduct_cat&post=5865"},{"taxonomy":"product_tag","embeddable":true,"href":"https:\/\/chezben.bossilo.com\/index.php?rest_route=%2Fwp%2Fv2%2Fproduct_tag&post=5865"}],"curies":[{"name":"wp","href":"https:\/\/api.w.org\/{rel}","templated":true}]}}