{"id":5849,"date":"2025-11-14T09:50:47","date_gmt":"2025-11-14T09:50:47","guid":{"rendered":"https:\/\/chezben.bossilo.com\/?post_type=product&#038;p=5849"},"modified":"2025-11-14T09:53:46","modified_gmt":"2025-11-14T09:53:46","slug":"spaguetti-bolonnaise","status":"publish","type":"product","link":"https:\/\/chezben.bossilo.com\/?product=spaguetti-bolonnaise","title":{"rendered":"SPAGUETTI BOLONNAISE"},"content":{"rendered":"<div>\n<h3>\ud83c\udf3e Le plat<\/h3>\n<p>Les spaghettis bolognaise sont un grand classique de la cuisine italienne, alliant la finesse des p\u00e2tes longues et la richesse d\u2019une sauce mijot\u00e9e \u00e0 base de viande et de tomates.<\/p>\n<div><\/div>\n<h3>\ud83c\udf45 La pr\u00e9paration<\/h3>\n<ul>\n<li><strong>Spaghettis<\/strong> : cuits al dente pour garder une texture ferme et agr\u00e9able.<\/li>\n<li><strong>Sauce bolognaise<\/strong> : r\u00e9alis\u00e9e avec de la viande hach\u00e9e (b\u0153uf ou m\u00e9lange b\u0153uf\/porc), des tomates m\u00fbres, de l\u2019oignon, de l\u2019ail et des herbes aromatiques comme le basilic et l\u2019origan.<\/li>\n<li><strong>Finition<\/strong> : un filet d\u2019huile d\u2019olive et une g\u00e9n\u00e9reuse touche de parmesan r\u00e2p\u00e9 viennent sublimer le tout.<\/li>\n<\/ul>\n<div><\/div>\n<h3>\u2728 L\u2019exp\u00e9rience<\/h3>\n<p>Ce plat \u00e9voque la <strong>convivialit\u00e9 et la g\u00e9n\u00e9rosit\u00e9<\/strong> : la sauce riche et parfum\u00e9e enveloppe les p\u00e2tes, cr\u00e9ant une harmonie gourmande qui r\u00e9chauffe le c\u0153ur. Les spaghettis bolognaise sont parfaits pour un repas familial ou entre amis, symbole de partage et de plaisir simple.<\/p>\n<div><\/div>\n<div><\/div>\n<\/div>\n<div>\n<div>\n<table>\n<thead>\n<tr>\n<th><\/th>\n<th><\/th>\n<\/tr>\n<\/thead>\n<tbody>\n<tr>\n<td><\/td>\n<td><\/td>\n<\/tr>\n<tr>\n<td><\/td>\n<td><\/td>\n<\/tr>\n<tr>\n<td><\/td>\n<td><\/td>\n<\/tr>\n<\/tbody>\n<\/table>\n<\/div>\n<div><\/div>\n<\/div>\n<div><\/div>\n","protected":false},"excerpt":{"rendered":"<p>\ud83c\udf3e Le plat Les spaghettis bolognaise sont un grand classique de la cuisine italienne, alliant la finesse des p\u00e2tes longues et la richesse d\u2019une sauce mijot\u00e9e \u00e0 base de viande et de tomates. \ud83c\udf45 La pr\u00e9paration Spaghettis : cuits al dente pour garder une texture ferme et agr\u00e9able. Sauce bolognaise : r\u00e9alis\u00e9e avec de la [&hellip;]<\/p>\n","protected":false},"featured_media":5850,"comment_status":"open","ping_status":"closed","template":"","meta":{"_uag_custom_page_level_css":"","site-sidebar-layout":"default","site-content-layout":"","ast-site-content-layout":"default","site-content-style":"default","site-sidebar-style":"default","ast-global-header-display":"","ast-banner-title-visibility":"","ast-main-header-display":"","ast-hfb-above-header-display":"","ast-hfb-below-header-display":"","ast-hfb-mobile-header-display":"","site-post-title":"","ast-breadcrumbs-content":"","ast-featured-img":"","footer-sml-layout":"","theme-transparent-header-meta":"default","adv-header-id-meta":"","stick-header-meta":"","header-above-stick-meta":"","header-main-stick-meta":"","header-below-stick-meta":"","astra-migrate-meta-layouts":"set","ast-page-background-enabled":"default","ast-page-background-meta":{"desktop":{"background-color":"","background-image":"","background-repeat":"repeat","background-position":"center center","background-size":"auto","background-attachment":"scroll","background-type":"","background-media":"","overlay-type":"","overlay-color":"","overlay-opacity":"","overlay-gradient":""},"tablet":{"background-color":"","background-image":"","background-repeat":"repeat","background-position":"center center","background-size":"auto","background-attachment":"scroll","background-type":"","background-media":"","overlay-type":"","overlay-color":"","overlay-opacity":"","overlay-gradient":""},"mobile":{"background-color":"","background-image":"","background-repeat":"repeat","background-position":"center center","background-size":"auto","background-attachment":"scroll","background-type":"","background-media":"","overlay-type":"","overlay-color":"","overlay-opacity":"","overlay-gradient":""}},"ast-content-background-meta":{"desktop":{"background-color":"var(--ast-global-color-5)","background-image":"","background-repeat":"repeat","background-position":"center center","background-size":"auto","background-attachment":"scroll","background-type":"","background-media":"","overlay-type":"","overlay-color":"","overlay-opacity":"","overlay-gradient":""},"tablet":{"background-color":"var(--ast-global-color-5)","background-image":"","background-repeat":"repeat","background-position":"center center","background-size":"auto","background-attachment":"scroll","background-type":"","background-media":"","overlay-type":"","overlay-color":"","overlay-opacity":"","overlay-gradient":""},"mobile":{"background-color":"var(--ast-global-color-5)","background-image":"","background-repeat":"repeat","background-position":"center center","background-size":"auto","background-attachment":"scroll","background-type":"","background-media":"","overlay-type":"","overlay-color":"","overlay-opacity":"","overlay-gradient":""}}},"product_brand":[],"product_cat":[84],"product_tag":[],"class_list":{"0":"post-5849","1":"product","2":"type-product","3":"status-publish","4":"has-post-thumbnail","6":"product_cat-dejeuner","7":"desktop-align-left","8":"tablet-align-left","9":"mobile-align-left","11":"first","12":"instock","13":"taxable","14":"shipping-taxable","15":"purchasable","16":"product-type-simple"},"uagb_featured_image_src":{"full":["https:\/\/chezben.bossilo.com\/wp-content\/uploads\/2025\/11\/SPAGUETTI-BOLONNAISE.jpg",600,600,false],"thumbnail":["https:\/\/chezben.bossilo.com\/wp-content\/uploads\/2025\/11\/SPAGUETTI-BOLONNAISE-150x150.jpg",150,150,true],"medium":["https:\/\/chezben.bossilo.com\/wp-content\/uploads\/2025\/11\/SPAGUETTI-BOLONNAISE-300x300.jpg",300,300,true],"medium_large":["https:\/\/chezben.bossilo.com\/wp-content\/uploads\/2025\/11\/SPAGUETTI-BOLONNAISE.jpg",600,600,false],"large":["https:\/\/chezben.bossilo.com\/wp-content\/uploads\/2025\/11\/SPAGUETTI-BOLONNAISE.jpg",600,600,false],"1536x1536":["https:\/\/chezben.bossilo.com\/wp-content\/uploads\/2025\/11\/SPAGUETTI-BOLONNAISE.jpg",600,600,false],"2048x2048":["https:\/\/chezben.bossilo.com\/wp-content\/uploads\/2025\/11\/SPAGUETTI-BOLONNAISE.jpg",600,600,false],"woocommerce_thumbnail":["https:\/\/chezben.bossilo.com\/wp-content\/uploads\/2025\/11\/SPAGUETTI-BOLONNAISE-300x300.jpg",300,300,true],"woocommerce_single":["https:\/\/chezben.bossilo.com\/wp-content\/uploads\/2025\/11\/SPAGUETTI-BOLONNAISE.jpg",600,600,false],"woocommerce_gallery_thumbnail":["https:\/\/chezben.bossilo.com\/wp-content\/uploads\/2025\/11\/SPAGUETTI-BOLONNAISE-100x100.jpg",100,100,true]},"uagb_author_info":{"display_name":"BOSSILO Billy","author_link":"https:\/\/chezben.bossilo.com\/?author=0"},"uagb_comment_info":0,"uagb_excerpt":"\ud83c\udf3e Le plat Les spaghettis bolognaise sont un grand classique de la cuisine italienne, alliant la finesse des p\u00e2tes longues et la richesse d\u2019une sauce mijot\u00e9e \u00e0 base de viande et de tomates. \ud83c\udf45 La pr\u00e9paration Spaghettis : cuits al dente pour garder une texture ferme et agr\u00e9able. Sauce bolognaise : r\u00e9alis\u00e9e avec de la\u2026","jetpack_sharing_enabled":true,"_links":{"self":[{"href":"https:\/\/chezben.bossilo.com\/index.php?rest_route=\/wp\/v2\/product\/5849","targetHints":{"allow":["GET"]}}],"collection":[{"href":"https:\/\/chezben.bossilo.com\/index.php?rest_route=\/wp\/v2\/product"}],"about":[{"href":"https:\/\/chezben.bossilo.com\/index.php?rest_route=\/wp\/v2\/types\/product"}],"replies":[{"embeddable":true,"href":"https:\/\/chezben.bossilo.com\/index.php?rest_route=%2Fwp%2Fv2%2Fcomments&post=5849"}],"wp:featuredmedia":[{"embeddable":true,"href":"https:\/\/chezben.bossilo.com\/index.php?rest_route=\/wp\/v2\/media\/5850"}],"wp:attachment":[{"href":"https:\/\/chezben.bossilo.com\/index.php?rest_route=%2Fwp%2Fv2%2Fmedia&parent=5849"}],"wp:term":[{"taxonomy":"product_brand","embeddable":true,"href":"https:\/\/chezben.bossilo.com\/index.php?rest_route=%2Fwp%2Fv2%2Fproduct_brand&post=5849"},{"taxonomy":"product_cat","embeddable":true,"href":"https:\/\/chezben.bossilo.com\/index.php?rest_route=%2Fwp%2Fv2%2Fproduct_cat&post=5849"},{"taxonomy":"product_tag","embeddable":true,"href":"https:\/\/chezben.bossilo.com\/index.php?rest_route=%2Fwp%2Fv2%2Fproduct_tag&post=5849"}],"curies":[{"name":"wp","href":"https:\/\/api.w.org\/{rel}","templated":true}]}}