{"id":5696,"date":"2025-10-24T16:45:44","date_gmt":"2025-10-24T16:45:44","guid":{"rendered":"https:\/\/chezben.bossilo.com\/?post_type=product&#038;p=5696"},"modified":"2026-04-11T14:44:48","modified_gmt":"2026-04-11T14:44:48","slug":"nkoyi","status":"publish","type":"product","link":"https:\/\/chezben.bossilo.com\/?product=nkoyi","title":{"rendered":"NKOYI BLACK"},"content":{"rendered":"<div><\/div>\n<p>\ud83c\udf7a <strong>Nkoyi : l\u2019esprit kinois en bouteille<\/strong><\/p>\n<p>Lanc\u00e9e en 2010 par la Bracongo, Nkoyi est bien plus qu\u2019une bi\u00e8re blonde : c\u2019est un symbole de la culture urbaine de Kinshasa. Son nom, qui signifie \u00ab\u00a0l\u00e9opard\u00a0\u00bb en lingala, incarne la puissance, l\u2019\u00e9l\u00e9gance et l\u2019identit\u00e9 congolaise. Avec son slogan <strong>\u00ab\u00a0Kisasa mabele ya Nkoyi\u00a0\u00bb<\/strong>, elle c\u00e9l\u00e8bre l\u2019\u00e9nergie et le savoir-vivre des Kinois.<\/p>\n<h3 class=\"text-base-strong sm:text-lg-strong pb-1 [&amp;:not(:first-child)]:pt-3.5\">\ud83c\udf1f Caract\u00e9ristiques<\/h3>\n<ul>\n<li><strong>Type<\/strong> : Bi\u00e8re blonde<\/li>\n<li><strong>Teneur en alcool<\/strong> : 5%<\/li>\n<li><strong>Ingr\u00e9dients<\/strong> : Eau, malt, houblon, c\u00e9r\u00e9ales<\/li>\n<li><strong>Conditionnement<\/strong> : Bouteilles de 33 cl et 65 cl (verre consign\u00e9)<\/li>\n<li><strong>Durabilit\u00e9<\/strong> : 12 mois<\/li>\n<\/ul>\n<h3>\ud83c\udf89 Positionnement<\/h3>\n<p>Nkoyi cible principalement les jeunes adultes actifs (25\u201335 ans), attach\u00e9s \u00e0 la culture kinoise et \u00e0 l\u2019esprit de d\u00e9brouillardise. Elle est pr\u00e9sente dans les bars, les f\u00eates, les concerts et les \u00e9v\u00e9nements populaires, o\u00f9 elle incarne la convivialit\u00e9 et la fiert\u00e9 locale<\/p>\n<p>&nbsp;<\/p>\n<div>\n<div>\n<table>\n<thead>\n<tr>\n<th><\/th>\n<th><\/th>\n<\/tr>\n<\/thead>\n<tbody>\n<tr>\n<td><\/td>\n<td><\/td>\n<\/tr>\n<tr>\n<td><\/td>\n<td><\/td>\n<\/tr>\n<tr>\n<td><\/td>\n<td><\/td>\n<\/tr>\n<\/tbody>\n<\/table>\n<\/div>\n<div><\/div>\n<\/div>\n<div><\/div>\n","protected":false},"excerpt":{"rendered":"<p>\ud83c\udf7a Nkoyi : l\u2019esprit kinois en bouteille Lanc\u00e9e en 2010 par la Bracongo, Nkoyi est bien plus qu\u2019une bi\u00e8re blonde : c\u2019est un symbole de la culture urbaine de Kinshasa. Son nom, qui signifie \u00ab\u00a0l\u00e9opard\u00a0\u00bb en lingala, incarne la puissance, l\u2019\u00e9l\u00e9gance et l\u2019identit\u00e9 congolaise. Avec son slogan \u00ab\u00a0Kisasa mabele ya Nkoyi\u00a0\u00bb, elle c\u00e9l\u00e8bre l\u2019\u00e9nergie et [&hellip;]<\/p>\n","protected":false},"featured_media":5667,"comment_status":"open","ping_status":"closed","template":"","meta":{"_uag_custom_page_level_css":"","site-sidebar-layout":"default","site-content-layout":"","ast-site-content-layout":"default","site-content-style":"default","site-sidebar-style":"default","ast-global-header-display":"","ast-banner-title-visibility":"","ast-main-header-display":"","ast-hfb-above-header-display":"","ast-hfb-below-header-display":"","ast-hfb-mobile-header-display":"","site-post-title":"","ast-breadcrumbs-content":"","ast-featured-img":"","footer-sml-layout":"","theme-transparent-header-meta":"default","adv-header-id-meta":"","stick-header-meta":"","header-above-stick-meta":"","header-main-stick-meta":"","header-below-stick-meta":"","astra-migrate-meta-layouts":"set","ast-page-background-enabled":"default","ast-page-background-meta":{"desktop":{"background-color":"","background-image":"","background-repeat":"repeat","background-position":"center center","background-size":"auto","background-attachment":"scroll","background-type":"","background-media":"","overlay-type":"","overlay-color":"","overlay-opacity":"","overlay-gradient":""},"tablet":{"background-color":"","background-image":"","background-repeat":"repeat","background-position":"center center","background-size":"auto","background-attachment":"scroll","background-type":"","background-media":"","overlay-type":"","overlay-color":"","overlay-opacity":"","overlay-gradient":""},"mobile":{"background-color":"","background-image":"","background-repeat":"repeat","background-position":"center center","background-size":"auto","background-attachment":"scroll","background-type":"","background-media":"","overlay-type":"","overlay-color":"","overlay-opacity":"","overlay-gradient":""}},"ast-content-background-meta":{"desktop":{"background-color":"var(--ast-global-color-5)","background-image":"","background-repeat":"repeat","background-position":"center center","background-size":"auto","background-attachment":"scroll","background-type":"","background-media":"","overlay-type":"","overlay-color":"","overlay-opacity":"","overlay-gradient":""},"tablet":{"background-color":"var(--ast-global-color-5)","background-image":"","background-repeat":"repeat","background-position":"center center","background-size":"auto","background-attachment":"scroll","background-type":"","background-media":"","overlay-type":"","overlay-color":"","overlay-opacity":"","overlay-gradient":""},"mobile":{"background-color":"var(--ast-global-color-5)","background-image":"","background-repeat":"repeat","background-position":"center center","background-size":"auto","background-attachment":"scroll","background-type":"","background-media":"","overlay-type":"","overlay-color":"","overlay-opacity":"","overlay-gradient":""}}},"product_brand":[],"product_cat":[81,83,22,38,36,24],"product_tag":[],"class_list":{"0":"post-5696","1":"product","2":"type-product","3":"status-publish","4":"has-post-thumbnail","6":"product_cat-avec-alcool","7":"product_cat-biere-local","8":"product_cat-boisson","9":"product_cat-boissons-fraiches","10":"product_cat-cocktails","11":"product_cat-sucree","12":"desktop-align-left","13":"tablet-align-left","14":"mobile-align-left","16":"first","17":"onbackorder","18":"taxable","19":"shipping-taxable","20":"purchasable","21":"product-type-simple"},"uagb_featured_image_src":{"full":["https:\/\/chezben.bossilo.com\/wp-content\/uploads\/2025\/10\/15.jpg",1000,1000,false],"thumbnail":["https:\/\/chezben.bossilo.com\/wp-content\/uploads\/2025\/10\/15-150x150.jpg",150,150,true],"medium":["https:\/\/chezben.bossilo.com\/wp-content\/uploads\/2025\/10\/15-300x300.jpg",300,300,true],"medium_large":["https:\/\/chezben.bossilo.com\/wp-content\/uploads\/2025\/10\/15-768x768.jpg",768,768,true],"large":["https:\/\/chezben.bossilo.com\/wp-content\/uploads\/2025\/10\/15.jpg",1000,1000,false],"1536x1536":["https:\/\/chezben.bossilo.com\/wp-content\/uploads\/2025\/10\/15.jpg",1000,1000,false],"2048x2048":["https:\/\/chezben.bossilo.com\/wp-content\/uploads\/2025\/10\/15.jpg",1000,1000,false],"woocommerce_thumbnail":["https:\/\/chezben.bossilo.com\/wp-content\/uploads\/2025\/10\/15-300x300.jpg",300,300,true],"woocommerce_single":["https:\/\/chezben.bossilo.com\/wp-content\/uploads\/2025\/10\/15-600x600.jpg",600,600,true],"woocommerce_gallery_thumbnail":["https:\/\/chezben.bossilo.com\/wp-content\/uploads\/2025\/10\/15-100x100.jpg",100,100,true]},"uagb_author_info":{"display_name":"BOSSILO Billy","author_link":"https:\/\/chezben.bossilo.com\/?author=0"},"uagb_comment_info":0,"uagb_excerpt":"\ud83c\udf7a Nkoyi : l\u2019esprit kinois en bouteille Lanc\u00e9e en 2010 par la Bracongo, Nkoyi est bien plus qu\u2019une bi\u00e8re blonde : c\u2019est un symbole de la culture urbaine de Kinshasa. Son nom, qui signifie \u00ab\u00a0l\u00e9opard\u00a0\u00bb en lingala, incarne la puissance, l\u2019\u00e9l\u00e9gance et l\u2019identit\u00e9 congolaise. Avec son slogan \u00ab\u00a0Kisasa mabele ya Nkoyi\u00a0\u00bb, elle c\u00e9l\u00e8bre l\u2019\u00e9nergie et\u2026","jetpack_sharing_enabled":true,"_links":{"self":[{"href":"https:\/\/chezben.bossilo.com\/index.php?rest_route=\/wp\/v2\/product\/5696","targetHints":{"allow":["GET"]}}],"collection":[{"href":"https:\/\/chezben.bossilo.com\/index.php?rest_route=\/wp\/v2\/product"}],"about":[{"href":"https:\/\/chezben.bossilo.com\/index.php?rest_route=\/wp\/v2\/types\/product"}],"replies":[{"embeddable":true,"href":"https:\/\/chezben.bossilo.com\/index.php?rest_route=%2Fwp%2Fv2%2Fcomments&post=5696"}],"wp:featuredmedia":[{"embeddable":true,"href":"https:\/\/chezben.bossilo.com\/index.php?rest_route=\/wp\/v2\/media\/5667"}],"wp:attachment":[{"href":"https:\/\/chezben.bossilo.com\/index.php?rest_route=%2Fwp%2Fv2%2Fmedia&parent=5696"}],"wp:term":[{"taxonomy":"product_brand","embeddable":true,"href":"https:\/\/chezben.bossilo.com\/index.php?rest_route=%2Fwp%2Fv2%2Fproduct_brand&post=5696"},{"taxonomy":"product_cat","embeddable":true,"href":"https:\/\/chezben.bossilo.com\/index.php?rest_route=%2Fwp%2Fv2%2Fproduct_cat&post=5696"},{"taxonomy":"product_tag","embeddable":true,"href":"https:\/\/chezben.bossilo.com\/index.php?rest_route=%2Fwp%2Fv2%2Fproduct_tag&post=5696"}],"curies":[{"name":"wp","href":"https:\/\/api.w.org\/{rel}","templated":true}]}}